643?
-3505
In base 13, what is 3 - -13616?
13619
In base 16, what is 2b - abdd?
-abb2
In base 3, what is 1010121111 + -1?
1010121110
In base 11, what is 53043 - -11?
53054
In base 6, what is 500 - 34041?
-33141
In base 4, what is -10 - 2313111?
-2313121
In base 10, what is -67 - -3787?
3720
In base 10, what is 25425 - -10?
25435
In base 7, what is 4023 - 11520?
-4464
In base 12, what is 23522 - 0?
23522
In base 4, what is 1013112 + 22?
1013200
In base 4, what is 10 - 3113230?
-3113220
In base 14, what is b6 + -813?
-73b
In base 8, what is -35115 + 5?
-35110
In base 10, what is 19 - 12525?
-12506
In base 10, what is 2 + 154120?
154122
In base 6, what is 115 - -120305?
120424
In base 12, what is 23b4 - -b?
2403
In base 8, what is 4 + -2310346?
-2310342
In base 11, what is 7 + -5754?
-5748
In base 4, what is -11 - 11210201?
-11210212
In base 2, what is 0 - -1000010110000100000?
1000010110000100000
In base 14, what is 62b095 - 3?
62b092
In base 11, what is -4a + 883?
834
In base 10, what is -3882 + 179?
-3703
In base 7, what is -22023 + -35?
-22061
In base 2, what is -10100011001 + -11001100?
-10111100101
In base 9, what is 432734 - 0?
432734
In base 2, what is 10010001000 + -101101000?
1100100000
In base 5, what is -111 - -201?
40
In base 4, what is 10322223331 + -1?
10322223330
In base 5, what is -34104014 + -3?
-34104022
In base 5, what is 14234221 - -2?
14234223
In base 9, what is -2242 - 503?
-2745
In base 13, what is 39a - -93?
460
In base 10, what is -32 + 10505?
10473
In base 6, what is -201131 + -4?
-201135
In base 5, what is -2 - -324410?
324403
In base 7, what is -250 + 304432?
304152
In base 3, what is 10210 - -2120122?
2201102
In base 14, what is 1c - 362?
-344
In base 10, what is -11037 - 19?
-11056
In base 11, what is -1 - -170668?
170667
In base 7, what is 141 + -155150?
-155006
In base 2, what is 1111011 - 100011?
1011000
In base 2, what is 1100010101111100000 + 1?
1100010101111100001
In base 7, what is 4 - 1200535?
-1200531
In base 3, what is -12 - -11222202?
11222120
In base 13, what is 431475 - 0?
431475
In base 12, what is -21 + b85?
b64
In base 4, what is -1130331 - 231?
-1131222
In base 13, what is 61 - -c8?
159
In base 16, what is 2a4 + 1e?
2c2
In base 11, what is 2 + -14384?
-14382
In base 11, what is 11815 - 2?
11813
In base 8, what is -325302 - 5?
-325307
In base 9, what is -2043 + -62?
-2115
In base 8, what is 242 - 44355?
-44113
In base 15, what is 224ec - -7?
22504
In base 12, what is 2ab4 + 18?
2b10
In base 12, what is -4499 + -18?
-44b5
In base 7, what is -113 - 4020?
-4133
In base 15, what is -53 - 432?
-485
In base 16, what is 1c71c + c?
1c728
In base 2, what is -11 + 110001011110000101100?
110001011110000101001
In base 9, what is -1734 - 133?
-1867
In base 16, what is 2 - 46f8e?
-46f8c
In base 4, what is 1200 + 2201222?
2203022
In base 7, what is -4162 + 64?
-4065
In base 6, what is 10 - -14315435?
14315445
In base 15, what is -5 + -41cb5?
-41cba
In base 13, what is -50 - -1966?
1916
In base 4, what is 122 - -3133?
3321
In base 3, what is -1 - 1000012102?
-1000012110
In base 16, what is bd28 + 9?
bd31
In base 4, what is -1023 - -133333?
132310
In base 7, what is 1 - -12633612?
12633613
In base 9, what is -6 + -3772?
-3778
In base 13, what is 180434 + -2?
180432
In base 6, what is -34433 + 1?
-34432
In base 2, what is -1101110011111100 - 101?
-1101110100000001
In base 14, what is 396d - 357?
3616
In base 9, what is -415 + 151?
-254
In base 4, what is -23133 - -3332?
-13201
In base 7, what is 421 + 202?
623
In base 10, what is -239 - 32?
-271
In base 5, what is 30034 + 131?
30220
In base 8, what is 2 - -1402?
1404
In base 7, what is 0 + -126351?
-126351
In base 9, what is 17 + 20551?
20568
In base 7, what is 2602 - -2?
2604
In base 6, what is -1404234 + -5?
-1404243
In base 6, what is -115 + -1310?
-1425
In base 5, what is -21431 - -2231?
-14200
In base 7, what is -2632230 + 4?
-2632223
In base 15, what is 326 + 247?
56d
In base 6, what is 10 - 5543351?
-5543341
In base 6, what is -5 - 114545415?
-114545424
In base 7, what is 330062 + -1?
330061
In base 6, what is -24301 - -245?
-24012
In base 4, what is 30 - 313101?
-313011
In base 9, what is -1 - 316605?
-316606
In base 2, what is 10010 - 101001110001101?
-101001101111011
In base 11, what is 42 - 988?
-946
In base 5, what is -10 - 410201?
-410211
In base 7, what is 1255621 - 2?
1255616
In base 10, what is -3 - 180799?
-180802
In base 13, what is 13 - bcb7?
-bca4
In base 6, what is 1151 + 500?
2051
In base 16, what is 7f + 64?
e3
In base 16, what is -20 - -e?
-12
In base 3, what is 2 + -21120221102?
-21120221100
In base 12, what is 117 - -225?
340
In base 15, what is -e1 + 4d0?
3de
In base 11, what is 9785 - 2?
9783
In base 4, what is -10223 + 131?
-10032
In base 6, what is -1231043 + 0?
-1231043
In base 2, what is -111110 - -10011000011111011?
10011000010111101
In base 4, what is -1003221122 - 33?
-1003221221
In base 3, what is -10102202 - 101?
-10110010
In base 14, what is 5dbd5 - -2?
5dbd7
In base 16, what is e443 - 0?
e443
In base 9, what is -13 - -1538362?
1538348
In base 11, what is 35018 + 4?
35021
In base 16, what is 3 + 165394?
165397
In base 10, what is -27863 + -5?
-27868
In base 14, what is b8220 + 4?
b8224
In base 2, what is 1110 - -1110101101110?
1110101111100
In base 12, what is -13 - -485a?
4847
In base 9, what is -56647 + 5?
-56642
In base 10, what is 114766 + 0?
114766
In base 13, what is -5 + -3321a?
-33222
In base 11, what is 71 - 115?
-54
In base 12, what is -5 - 204?
-209
In base 15, what is -1 - -d8b68?
d8b67
In base 13, what is -91558 - -2?
-91556
In base 6, what is -2053050 + 2?
-2053044
In base 3, what is -1010102 + 10201210?
2121101
In base 14, what is -364 + b94?
830
In base 8, what is 165452 - -13?
165465
In base 6, what is 0 - 220205?
-220205
In base 7, what is 221565 + 2?
221600
In base 15, what is -36a3ba - 5?
-36a3c0
In base 12, what is 5 - 3b68?
-3b63
In base 10, what is -4 - 18205?
-18209
In base 8, what is -25 - 21140?
-21165
In base 7, what is -135535 - 123?
-135661
In base 15, what is -27b52 + 5?
-27b4c
In base 14, what is 673 + -12?
661
In base 13, what is -7 - -36c5?
36bb
In base 13, what is 2 - -96116?
96118
In base 11, what is -a9 + 56?
-53
In base 13, what is -63439 + -7?
-63443
In base 12, what is b + -27844?
-27835
In base 12, what is 614 - -25?
639
In base 9, what is 345855 + -1?
345854
In base 13, what is 1b908 + 3?
1b90b
In base 5, what is -2140 - 342?
-3032
In base 6, what is -101 + -1002341?
-1002442
In base 16, what is -954 + 3?
-951
In base 6, what is -12 - 334120?
-334132
In base 2, what is 1001101011011001 - -1011?
1001101011100100
In base 4, what is 1232213000 - -20?
1232213020
In base 10, what is 3 - 5386?
-5383
In base 15, what is c85d - -4?
c862
In base 7, what is -4543 - -3103?
-1440
In base 12, what is -2b8 - -423?
127
In base 12, what is 1954 - -446?
219a
In base 5, what is -11442 - 143?
-12140
In base 10, what is 5750 + 5?
5755
In base 12, what is -6a4a - 85?
-6b13
In base 2, what is 1100101010101001 - -1100?
1100101010110101
In base 2, what is -11000000000110 + 111?
-10111111111111
In base 2, what is -100 - 10010011111110?
-10010100000010
In base 4, what is 10 - 10102130?
-10102120
In base 15, what is -3 + -3040b?
-3040e
In base 14, what is 117 + -727?
-610
In base 4, what is -133112 + 2122?
-130330
In base 6, what is 1 - -2105442?
2105443
In base 16, what is 5 - cafb?
-caf6
In base 2, what is 1111 + 10101100000110110?
10101100001000101
In base 9, what is -8757 + 437?
-8320
In base 6, what is -1035 - -234?
-401
In base 13, what is 69 + 9a3c?
9aa8
In base 7, what is -63544 + -5?
-63552
In base 11, what is -a4737 + 5?
-a4732
In base 15, what is -1 + 3a9a0?
3a99e
In base 7, what is 16 + 10442?
10461
In base 14, what is -cb - 3c3?
-4b0
In base 9, what is 34026 - 3?
34023
In base 13, what is b4 + 1525?
1609
In base 10, what is -127 + 1151?
1024
In base 15, what is 3e4 + 12?
406
In base 9, what is 2 - 1014048?
-1014046
In base 5, what is -221 - 310140?
-310411
In base 5, what is -32000 + 10?
-31440
In base 13, what is -239 + 16c?
-9a
In base 6, what is 1333322 - 31?
1333251
In base 2, what is 101110010011 - -10101?
101110101000
In base 2, what is -10000111000 - -100101?
-10000010011
In base 13, what is 